 Let m = d - 70. List the prime factors of m.
11
Let x = -155144 + 233433. List the prime factors of x.
79, 991
Let o(i) = -314*i + 11. Let c(g) = 3*g. Let f(u) = 4*c(u) + o(u). List the prime factors of f(-1).
313
Suppose 4*l - 3 - 97 = 0. Let s be -1*(l/10)/((-2)/4). Suppose -5*b + 144 = 4*k - 447, 0 = 5*k - s*b - 750. List the prime factors of k.
149
Let m = -45 - -55. Let k(h) = h - 8. Let n be k(m). Suppose n*v + w = 75, 0*v = v - 5*w - 43. What are the prime factors of v?
2, 19
Let i(s) = -4*s + 110. Let a be i(27). Suppose 4*k = t + t + a, -9 = -3*k. What are the prime factors of t?
5
Let y(j) = j**3 - 11*j**2 - 8*j - 25. Let i be y(13). Suppose -3*s + 8*s - 1885 = 0. Let k = s - i. List the prime factors of k.
2, 3, 7
Let r = -869 + 7900. List the prime factors of r.
79, 89
Suppose -300 = -4*l + 2*y + 58, 0 = l - 4*y - 86. List the prime factors of l.
2, 3, 5
Suppose -5*h + c + 644 = 40, -4*h - 5*c = -460. Let b = h - 40. List the prime factors of b - (1*-2 + (3 - 2)).
3
Let r(i) = -297*i + 5214. What are the prime factors of r(14)?
2, 3, 11
Let o be (-2 - -3)/(8/(-32)). Let q(a) = -12*a**3 + 6*a**2 - 10*a - 1. List the prime factors of q(o).
3, 7, 43
Suppose 6*b - 29213 = -5*b + 218551. What are the prime factors of b?
2, 3, 1877
Let v = 116 + 1249. List the prime factors of v.
3, 5, 7, 13
Suppose -45044 = -4*w - 4*v, -135*w = -130*w - 5*v - 56245. What are the prime factors of w?
5, 2251
Let u(w) = 8*w**3 - 4*w**2 + 5*w + 1. Let i be u(4). List the prime factors of 67/i + (-22594)/(-14).
2, 3, 269
Suppose 0 = -198*h - 62*h + 3921567 + 3009513. What are the prime factors of h?
2, 3, 1481
Suppose 3*l + 0*q = 4*q - 52, l - 2*q + 20 = 0. Suppose -10*t = -6*t - 72. What are the prime factors of 201/t + 2/l?
11
Let h = 9765 + -2024. List the prime factors of h.
7741
Suppose 2*o - 4*s = 10 + 32, -99 = -4*o + 5*s. Suppose 32*i - o*i = -25. Let n = 318 + i. What are the prime factors of n?
293
Suppose 8 = -4*j + 88. Suppose -56 + j = -4*f. Suppose -l - f = -18. List the prime factors of l.
3
Let d = 41 + -38. Suppose d*n - 8*m + 4*m - 2186 = 0, -4*n + 4*m = -2920. What are the prime factors of n?
2, 367
Let n(y) = 2*y - 4. Let f be n(4). Suppose 14*d - 18*d - f = 0. Let p(w) = -46*w + 1. What are the prime factors of p(d)?
47
Let d = 91 + -271. Let b = 295 + d. List the prime factors of b.
5, 23
Suppose 0 = 4*s + 50*d - 52*d - 66, 4*s + 2*d = 70. List the prime factors of (169 - s)*2/2.
2, 19
Let g(q) = 115*q - 33. Let r = 15 + -10. Let x be g(r). Suppose w + 5*n = -2*w + x, 711 = 4*w - 5*n. List the prime factors of w.
179
Let v(i) = i**3 + i**2 + i - 2. Let g be v(2). Suppose z + g = 27. Suppose -2*l + z*l = 2951. List the prime factors of l.
227
Suppose -4*h + 22 - 6 = 0, 3*h + 1182 = -w. Let s = -68 - w. What are the prime factors of s?
2, 563
List the prime factors of -20*(-18)/180 + 47376.
2, 23689
Let j = -441 + -95. List the prime factors of 3/(-3*8/j).
67
Let l = 21691 + -6817. What are the prime factors of l?
2, 3, 37, 67
Let k be (-4 - (1 - 17))*(-2)/(-6). Let f be (-28)/(-36) - k/(-18). List the prime factors of f*(12/3 + -1).
3
Suppose -72*k - 9 = -3*a - 69*k, 5*a - 60 = -4*k. Let h(o) = -o**3 + o + 8. Let l be h(0). Let q = l + a. List the prime factors of q.
2
Let s = -7178 - -18485. What are the prime factors of s?
3, 3769
Let a be (0/7)/((1 + 0)/(-1)). Let k be 192/(-60)*(a + -10). What are the prime factors of k/144 - 385/(-9)?
43
Let w = 33 + 71. Let h = -100 + w. Suppose 0 = -h*l + 2*a + 58, -4*a - 11 + 0 = -l. List the prime factors of l.
3, 5
Let o(x) = -x**3 + 15*x + 9446. List the prime factors of o(0).
2, 4723
Suppose 4*u + 34*o = 39*o + 67161, -3*u = -5*o - 50372. What are the prime factors of u?
103, 163
Let z be (-2)/9 + 6*(-2)/(-54). Let k(f) = 3*f**2 + 6. Let l be k(-3). Suppose -31*c + l*c - 8 = z. What are the prime factors of c?
2
Let r = -19479 + 30313. What are the prime factors of r?
2, 5417
Suppose -c = 4*y + 20, 4*y - 7*c = -3*c. What are the prime factors of 249/(-166) - 4258/y?
1063
Let q(c) = -c**2 - 9*c - 15. Let f be q(-7). Let b be (54/(-4))/((-4)/16 - f). Let a(k) = -k**2 - 23*k + 30. List the prime factors of a(b).
2, 3, 5
Suppose -4*k + 75861 = -15*p, 5*p + 511 = 3*k - 56391. List the prime factors of k.
3, 6323
List the prime factors of ((-6)/4)/(156/(-4134312)).
3, 7, 631
Let a = -135 - -226. Suppose -m - a = -462. Let b = -257 + m. What are the prime factors of b?
2, 3, 19
Suppose 774941 + 32635 = 95*g - 19*g. List the prime factors of g.
2, 3, 7, 11, 23
Let h = 7 - -64. Let g = h + -79. List the prime factors of (-854)/g - 13/(-52).
107
Suppose 2*t + 3838 = 870. What are the prime factors of t/6*(-126)/49?
2, 3, 53
Let n be (-362)/(-9) + (-6)/27. Suppose 3*t - 5*w = n, -4*w - 41 = -t - 2*t. Suppose -12*l = -t*l + 324. What are the prime factors of l?
2, 3
Let q(u) = 128*u**2 - 12*u - 28. Let k be q(-3). Let z = k - 664. What are the prime factors of z?
2, 31
Let o be ((-6)/4)/((-2)/(-4096)*-4). Let c = -419 + o. List the prime factors of c.
349
What are the prime factors of 231610/26 + 120/(-39) + 3?
2, 17, 131
Suppose 0 = -4*h + 3*y + 78639, -3*h + 58977 = 477*y - 480*y. What are the prime factors of h?
2, 3, 29, 113
Suppose 0 = 65*h - 42*h - 299. Suppose 17*x - h*x - 632 = -5*j, 508 = 4*j + 2*x. List the prime factors of j.
2
Let d(b) = -115*b - 186. Let o be d(-22). Suppose 2*t = -3*i + 1156, 4*t + i - o = 3*i. List the prime factors of t.
2, 73
Let l be 0 + 86 + 1 + -6. Let y = 108 + l. What are the prime factors of y?
3, 7
Let k(m) = m**2 - 4*m - 17. Let f be k(-3). Suppose 0*a + y - 1012 = -f*a, 5*y = -20. What are the prime factors of a?
2, 127
Suppose -8*t + 10*t = -2. Let c(v) = -660*v - 16. What are the prime factors of c(t)?
2, 7, 23
Let r be (-27)/1 - (-2 - 2). Let c = r + -23. What are the prime factors of (c/8)/((-1)/8)?
2, 23
Let n(t) = -t**3 + 33*t**2 - t + 29. Let r be n(33). What are the prime factors of (r + (-90)/(-27))*(-102 - 0)?
2, 17
Let p be 2/8 - 39/(-4). Let q(a) = -9*a**2 - 20*a + 30. Let h(k) = 11*k**2 + 23*k - 29. Let n(m) = 5*h(m) + 6*q(m). List the prime factors of n(p).
5, 17
Let n = -45069 - -83484. What are the prime factors of n?
3, 5, 13, 197
Suppose x - 4*x - 9610 = -5*y, 4*x = -20. Suppose 2*z - y = -5*j, -3*j + z - 560 + 1707 = 0. What are the prime factors of j?
383
Suppose t = 0, s + t - 24 = 4*s. Let p be 180 + (-4)/s*2. Let u = 264 - p. List the prime factors of u.
83
What are the prime factors of ((-168315)/210)/(1/(-30))?
3, 5, 7, 229
Let k(u) = u + 23. Let j be k(-15). Suppose -5*m = -7 - j. Suppose m*f = 2*p + 103, f + 2*p - 9 = 12. What are the prime factors of f?
31
Let j(k) = -12*k - 87. Let p be j(-15). List the prime factors of 4130/6 - 31/p.
2, 43
List the prime factors of ((4/(-16))/(43/(-7482)))/(6/6928).
2, 29, 433
Let c(s) = -s**3 - 36*s**2 - 6*s + 31. Suppose -25 = 2*k + 47. List the prime factors of c(k).
13, 19
Suppose -78*h = 3*k - 76*h - 9242, -5*h + 12325 = 4*k. What are the prime factors of k?
2, 5, 7, 11
Suppose m + 0 - 4 = 0. Let q(s) = 4*s**2 + 12 - 3*s + m*s**2 - 7*s**2 + 6*s**3. What are the prime factors of q(2)?
2, 29
Let r = 34 + -29. Suppose -12 = -3*l, -r*d + l = -d - 2360. List the prime factors of d.
3, 197
Let u = 12181 - 5502. List the prime factors of u.
6679
Let h be -15*1*(-7)/21. Suppose h*y - 2*p + 62 = 0, 2*p - 27 - 7 = 3*y. Let k = y - -21. What are the prime factors of k?
7
Let p be (-1 + 0)/((-3)/15). Suppose 4*r = 5*n - 3425, p*r = 11 + 14. What are the prime factors of n?
13, 53
Suppose -11*d + 12 = -5*d. What are the prime factors of 11/((-22)/(-852)) + -1 + d?
7, 61
Let p = 49236 - 33351. What are the prime factors of p?
3, 5, 353
Suppose -2*a + 4*r = -40174 + 2972, -5*a = 4*r - 93117. What are the prime factors of a?
18617
Let z(y) = 2*y**2 - 26*y + 34. Let h be z(12). Suppose 5868 = 22*w - h*w. List the prime factors of w.
3, 163
Suppose -4*l + 4*v = -11 - 1, -3*l = 2*v - 14. Let d be 2/(16/194) + 3/l. Suppose d*n - 19*n = 888. What are the prime factors of n?
2, 37
Suppose v - v = -3*v. Suppose 28*b - 13707 - 4941 = v. What are the prime factors of b?
2, 3, 37
Let a = 96 - 92. Suppose -5*q - 1306 = -a*i, -3*i = 3*q - 591 - 375. Suppose f - i = -f. What are the prime factors of f?
2, 3
Let r = -